?
45
Calculate the remainder when 74584 is divided by 74566.
18
Calculate the remainder when 20957 is divided by 5228.
45
Calculate the remainder when 5335 is divided by 595.
575
What is the remainder when 9694 is divided by 44?
14
Calculate the remainder when 74054 is divided by 719.
716
What is the remainder when 6102 is divided by 613?
585
What is the remainder when 108226 is divided by 27055?
6
What is the remainder when 4045 is divided by 109?
12
Calculate the remainder when 8090 is divided by 475.
15
What is the remainder when 7663 is divided by 79?
0
Calculate the remainder when 229323 is divided by 17640.
3
Calculate the remainder when 5359 is divided by 1783.
10
Calculate the remainder when 21863 is divided by 3122.
9
What is the remainder when 5069 is divided by 835?
59
Calculate the remainder when 115798 is divided by 120.
118
Calculate the remainder when 7554 is divided by 21.
15
Calculate the remainder when 3274 is divided by 245.
89
What is the remainder when 176725 is divided by 255?
10
What is the remainder when 681188 is divided by 10?
8
What is the remainder when 3212 is divided by 387?
116
What is the remainder when 2944 is divided by 409?
81
What is the remainder when 5492 is divided by 783?
11
What is the remainder when 1071 is divided by 175?
21
What is the remainder when 31584 is divided by 4511?
7
Calculate the remainder when 92964 is divided by 877.
2
Calculate the remainder when 120276 is divided by 8590.
16
Calculate the remainder when 10005 is divided by 1713.
1440
Calculate the remainder when 5592 is divided by 29.
24
What is the remainder when 5713 is divided by 1147?
1125
What is the remainder when 94211 is divided by 261?
251
Calculate the remainder when 30116 is divided by 6022.
6
What is the remainder when 14879 is divided by 14?
11
Calculate the remainder when 8219 is divided by 1026.
11
Calculate the remainder when 2086037 is divided by 44.
41
Calculate the remainder when 116485 is divided by 500.
485
What is the remainder when 7590 is divided by 656?
374
Calculate the remainder when 2584 is divided by 648.
640
Calculate the remainder when 21991 is divided by 6910.
1261
Calculate the remainder when 7228 is divided by 185.
13
What is the remainder when 41569 is divided by 47?
21
Calculate the remainder when 34374 is divided by 699.
123
What is the remainder when 9851 is divided by 224?
219
Calculate the remainder when 7092205 is divided by 11.
10
Calculate the remainder when 35159 is divided by 60.
59
Calculate the remainder when 13146 is divided by 1314.
6
Calculate the remainder when 17015 is divided by 61.
57
Calculate the remainder when 25387 is divided by 211.
67
Calculate the remainder when 6157 is divided by 778.
711
Calculate the remainder when 30305 is divided by 5045.
35
What is the remainder when 1535 is divided by 738?
59
Calculate the remainder when 9599 is divided by 957.
29
Calculate the remainder when 38711 is divided by 126.
29
What is the remainder when 1748 is divided by 279?
74
Calculate the remainder when 6544 is divided by 1575.
244
Calculate the remainder when 1539 is divided by 632.
275
Calculate the remainder when 10813 is divided by 349.
343
What is the remainder when 3980 is divided by 205?
85
What is the remainder when 1839 is divided by 494?
357
What is the remainder when 76372 is divided by 4772?
20
Calculate the remainder when 1115 is divided by 314.
173
Calculate the remainder when 4623 is divided by 387.
366
What is the remainder when 489635 is divided by 12?
11
What is the remainder when 20525 is divided by 2928?
29
Calculate the remainder when 58096 is divided by 29002.
92
What is the remainder when 3229 is divided by 3208?
21
Calculate the remainder when 1342322 is divided by 23.
19
Calculate the remainder when 10885 is divided by 3539.
268
What is the remainder when 16186 is divided by 2695?
16
Calculate the remainder when 3587 is divided by 112.
3
What is the remainder when 1704 is divided by 529?
117
What is the remainder when 24184 is divided by 28?
20
What is the remainder when 437099 is divided by 150?
149
What is the remainder when 9886 is divided by 9?
4
What is the remainder when 21587 is divided by 448?
83
What is the remainder when 195898 is divided by 145?
3
Calculate the remainder when 80339 is divided by 113.
109
What is the remainder when 7789 is divided by 90?
49
What is the remainder when 13825 is divided by 13?
6
Calculate the remainder when 56958 is divided by 28477.
4
What is the remainder when 275 is divided by 140?
135
What is the remainder when 903 is divided by 102?
87
Calculate the remainder when 109110 is divided by 207.
21
Calculate the remainder when 300007 is divided by 177.
169
What is the remainder when 414955 is divided by 23049?
73
What is the remainder when 135953 is divided by 64?
17
Calculate the remainder when 607927 is divided by 7895.
12
Calculate the remainder when 40710 is divided by 36.
30
Calculate the remainder when 47945 is divided by 7980.
65
What is the remainder when 1818 is divided by 297?
36
What is the remainder when 22694 is divided by 758?
712
Calculate the remainder when 533563 is divided by 21.
16
What is the remainder when 152735 is divided by 534?
11
Calculate the remainder when 188585 is divided by 63.
26
Calculate the remainder when 20488 is divided by 253.
248
Calculate the remainder when 464903 is divided by 132.
131
Calculate the remainder when 35772 is divided by 8930.
52
What is the remainder when 39272 is divided by 18?
14
What is the remainder when 13648 is divided by 503?
67
What is the remainder when 118161 is divided by 683?
2
What is the remainder when 104623 is divided by 61?
8
Calculate the remainder when 4305 is divided by 351.
93
Calculate the remainder when 5653 is divided by 110.
43
What is the remainder when 9639 is divided by 182?
175
Calculate the remainder when 6380 is divided by 168.
164
What is the remainder when 2796 is divided by 2438?
358
What is the remainder when 374 is divided by 39?
23
Calculate the remainder when 4436 is divided by 15.
11
What is the remainder when 6156 is divided by 67?
59
What is the remainder when 118389 is divided by 59175?
39
What is the remainder when 7567 is divided by 361?
347
Calculate the remainder when 172485 is divided by 245.
5
Calculate the remainder when 406742 is divided by 9.
5
Calculate the remainder when 47377 is divided by 47352.
25
What is the remainder when 174548 is divided by 335?
13
What is the remainder when 1286103 is divided by 431?
430
Calculate the remainder when 6476 is divided by 36.
32
Calculate the remainder when 417338 is divided by 20.
18
What is the remainder when 11843 is divided by 747?
638
Calculate the remainder when 36407 is divided by 124.
75
What is the remainder when 8075 is divided by 87?
71
Calculate the remainder when 9345 is divided by 102.
63
What is the remainder when 37185 is divided by 66?
27
Calculate the remainder when 2073 is divided by 137.
18
What is the remainder when 361709 is divided by 217?
187
Calculate the remainder when 95807 is divided by 1053.
1037
What is the remainder when 2458815 is divided by 98?
93
What is the remainder when 1130 is divided by 76?
66
Calculate the remainder when 99069 is divided by 1708.
5
Calculate the remainder when 11934 is divided by 39.
0
What is the remainder when 4305 is divided by 216?
201
Calculate the remainder when 108975 is divided by 41.
38
What is the remainder when 6947 is divided by 183?
176
Calculate the remainder when 20238 is divided by 253.
251
What is the remainder when 8972 is divided by 6?
2
What is the remainder when 21058 is divided by 10515?
28
Calculate the remainder when 879 is divided by 15.
9
Calculate the remainder when 512782 is divided by 54.
52
What is the remainder when 1478 is divided by 64?
6
What is the remainder when 1050079 is divided by 164?
151
Calculate the remainder when 164040 is divided by 378.
366
Calculate the remainder when 854761 is divided by 1209.
1207
Calculate the remainder when 1136200 is divided by 568098.
4
Calculate the remainder when 2067 is divided by 69.
66
Calculate the remainder when 1057 is divided by 203.
42
What is the remainder when 2222 is divided by 70?
52
What is the remainder when 31811 is divided by 2119?
